o?
5
Suppose 5*g - k = -4*k - 768, 4*g = -5*k - 604. Let u = 260 + g. What is the tens digit of u?
0
Suppose 5*j + 6*x - 8*x - 10600 = 0, 5*x = 5*j - 10615. What is the tens digit of j?
1
Suppose -3486 - 2142 = -3*l. What is the thousands digit of l?
1
Let s(j) = 6*j**2 - 10*j - 19. What is the thousands digit of s(-14)?
1
What is the tens digit of 188/141 - 3178/(-6)?
3
Suppose 0 = -f + 2*f. Suppose 3*b + 2*u = 0, 5*u = b - f*b. Suppose b = -5*a + 2*x + 28, 0*a = 2*a + 5*x - 17. What is the units digit of a?
6
Let f be 2*((-70)/(-4))/7. Suppose f = -3*b + w - 0, 5*w + 17 = b. Let v = b + 6. What is the units digit of v?
3
Let w = 84 + 137. What is the units digit of w?
1
Let w be (9 + 1)/((-2)/(-16)). Suppose m - 5*m = -w. Suppose 5*h + m = 0, -3*l + h = -4*h - 26. What is the units digit of l?
2
Let w be (-12)/18 - 2/6. Let u be (-2 + 3)*(4 - w). Suppose -4*p = -f + 43, 115 = 3*f - 0*p - u*p. What is the tens digit of f?
3
Suppose 0*h + 4*j = h - 2098, -4*h = 2*j - 8482. What is the thousands digit of h?
2
Let p = -638 + 2260. What is the tens digit of p?
2
Suppose -41*u = -8*u - 27456. What is the units digit of u?
2
Let t = 572 - -145. What is the tens digit of t?
1
Let m(d) = 3*d - 4*d + 4 + 16 - 1. What is the units digit of m(-8)?
7
Let o(j) be the third derivative of -j**5/30 + j**4 + 2*j**3 + 4*j**2. What is the units digit of o(12)?
2
Suppose 5*o + 2570 = 5*k, -2*o - 1503 - 1061 = -5*k. What is the hundreds digit of k?
5
Let m be (-4)/(-6)*(-117)/(-26). Suppose -5 = m*q + 1. Let r(j) = 3*j**2 + 3*j. What is the units digit of r(q)?
6
Let s = -269 - -746. What is the tens digit of s?
7
Suppose -449 = -10*c + 2561. What is the hundreds digit of c?
3
Let i(a) = a**2 - a - 5. Let m be i(-5). Suppose -4*p = -p + 5*b - 20, -m = -4*p - 5*b. Suppose -p*c + 6*c - 73 = 0. What is the units digit of c?
3
Suppose 3*z + 18 = 4*l - 9*l, 0 = 4*z + 4. Let o be 0*(-4)/12*l. Suppose -38 = -2*i - w - o*w, -w = -4*i + 82. What is the units digit of i?
0
Let j = 1965 + 1430. What is the thousands digit of j?
3
Suppose -3*b - 1 = 2. Let h = 6 + b. Suppose -188 = -h*s + s. What is the units digit of s?
7
Let n be 4/(-66)*-3 + (-62)/(-22). Suppose -x + 0*f + n*f + 140 = 0, -4*f - 733 = -5*x. What is the hundreds digit of x?
1
Suppose 19 = l + 3*z, -40 + 10 = -5*l - 2*z. Suppose 220 = 4*p - 4*h, 0*p - l*h + 236 = 4*p. What is the tens digit of p?
5
Let a(t) = -6*t - 5. Let z(k) = -6*k - 6. Let w = 14 + -9. Let m(o) = w*z(o) - 6*a(o). What is the tens digit of m(4)?
2
Suppose 8*w - 152 = 4*w. Suppose 7*s + 4 + w = 0. What is the units digit of (-226)/s + 1/3?
8
Suppose -z = -5*k + 12, -4*z + k + 20 = -8. Suppose 10*s - 6 = z*s. Suppose d + 37 + 111 = 3*x, -s*x - 5*d = -160. What is the units digit of x?
0
Suppose 5*b - 9 = 21. Let z be 19 + b/9*-6. Let n = 17 - z. What is the units digit of n?
2
Suppose 165*a = 162*a + 2610. What is the hundreds digit of a?
8
Suppose 5*l + 5*g = 13255, 3*l - 5314 = g + 2655. What is the hundreds digit of l?
6
Suppose 0 = 2*a + 8, 0 = 2*z - a - 5163 - 613. What is the thousands digit of z?
2
Suppose 20 - 56 = 4*h. Let q = h - -12. What is the units digit of (5 - q) + 34 - 1?
5
Let q(f) be the second derivative of -f**3/3 + 57*f**2/2 - 16*f. What is the units digit of q(7)?
3
Suppose -3*f + 2601 = 3*i + 2*i, -2622 = -5*i + 4*f. What is the hundreds digit of i?
5
Let h = -713 + 2646. What is the hundreds digit of h?
9
Let t(g) = g**2 - 2*g + 4. Let i be t(3). Let w be ((-570)/25)/(-6) + 3/15. Suppose w*a - 1 = i. What is the units digit of a?
2
Suppose -2*i = -3*i + 18. Let d = i + 3. What is the tens digit of ((-4)/3)/(d/(-882))?
5
Let h(g) = -2*g**2 - 8*g + 250. What is the hundreds digit of h(0)?
2
Suppose -147*g = -139*g - 8. What is the units digit of g?
1
Suppose 151 = -5*h + 5*a - 109, -2*h - 3*a - 104 = 0. Let p = -9 - h. What is the units digit of p?
3
Let f(a) = 43*a - 229. What is the hundreds digit of f(16)?
4
Let p(x) = 2*x**2 - 24*x + 116. Let w be p(11). Let z be 1/(-3) + (-74)/(-6). Suppose w = 2*i - z. What is the tens digit of i?
5
Suppose d - 16 = -7*d. Suppose 0*a - d*a + 6 = 0. What is the units digit of a?
3
Suppose 18 + 35 = -q. Let l be 81*((0 - -2) + -3). Let y = q - l. What is the tens digit of y?
2
Suppose -7862 = -4*v - 2*z, 0 = v + 3*z - 0*z - 1958. What is the units digit of v?
7
Suppose -8*b = -10*b. Suppose b = -0*q + 4*q - p - 217, -5*p = -2*q + 95. What is the tens digit of q?
5
Suppose 2*r + 4*m = -2*r + 620, -4*r + 636 = -4*m. What is the units digit of r?
7
Suppose j - 4*t = 130, 3*t + 20 = -2*t. What is the tens digit of ((-2)/(-4))/(1/j)?
5
Suppose 0 = 4*l + 2*j - 47 - 31, 4*j = 3*l - 31. Suppose -15 = -5*z, -z - 114 + l = -w. What is the hundreds digit of w?
1
Let t(y) = -2*y + 7*y + y - y. Let f be t(3). Let r = -5 + f. What is the tens digit of r?
1
Let u(y) = 0*y**3 + y**3 - 10*y - 225 + 9*y**2 + 229. What is the units digit of u(-10)?
4
Let r = 185 + -182. Let o = 52 - 28. Suppose o + 123 = r*w. What is the tens digit of w?
4
Let w = -17 + 26. Let u be 2 + 102*(-8)/(-6). What is the tens digit of (w/6)/(9/u)?
2
Let r be 96/(-18)*6/4. Let j = r + 14. Suppose y = -2*g + 2 + j, -5*g + y + 13 = 0. What is the units digit of g?
3
Let x = -43 + 76. Let s be (-343)/(-4) - (-21)/(-28). Suppose 0 = 2*a + l - 0*l - x, 5*a - s = -2*l. What is the units digit of a?
9
Suppose 0*d + p = -4*d + 379, -377 = -4*d - 3*p. Suppose -2*y - s + d = 2*s, 5*y - 5*s - 250 = 0. What is the units digit of y?
9
Let u = 45 + 3366. What is the tens digit of u?
1
Suppose -14*s + 18 = -8*s. Let l(w) = 5*w**3 - 2*w**2 - 3*w + 1. What is the units digit of l(s)?
9
Suppose -25*b + 34*b - 5283 = 0. What is the hundreds digit of b?
5
What is the units digit of 1975 - -2 - 99/11?
8
Let u be (24/(-5))/((-4)/30). Let p = u + -32. Suppose -k + p*k = 177. What is the units digit of k?
9
Let m(t) = 67*t - 69*t + 0*t**2 + 1 + 28*t**2 - 3*t**2. What is the units digit of m(2)?
7
Suppose 0 = -2*u - 1 - 3. Let l(x) = 2*x**2 + 22*x - 96. Let b be l(-14). What is the tens digit of (u + b/(-9))*-39?
2
Suppose -m + 5576 = 4*x + m, 4*x - 2*m - 5560 = 0. What is the hundreds digit of x?
3
Suppose 4*n + 8 = 0, -438 = 3*r - 3*n - 1422. What is the units digit of r?
6
What is the tens digit of (-69)/(-483) - (-45484)/14?
4
What is the tens digit of (-885)/(-6)*(-60)/(-75)?
1
Suppose 5*s - 33 = 2*o, 0 = 4*s - 3*o - 18 - 14. Suppose -s*v + 0 = -10. What is the units digit of (9/(-6))/(v/(-28))?
1
Let w be (-28)/(-14)*((-33)/6 + 1). Let r be (-26 - -1) + (-1)/(-1). Let a = w - r. What is the units digit of a?
5
Suppose 3*l = 2*r + 11, -r + 14 = 2*l + 3*l. What is the units digit of ((-15)/4)/(l/(-24))?
0
Let k = 0 - -4. Let q = k + 0. Suppose -2*r + 9 = q*y - 9, 0 = 4*r + y - 57. What is the units digit of r?
5
Let y(p) = -449*p + 26. Let w be y(-3). Suppose -5*k - 2*n + 1377 = -n, 0 = -5*k + n + w. What is the hundreds digit of k?
2
Let p be ((-2)/2)/((-11)/33). Let q = p - -12. Suppose 3*a + l - 68 - q = 0, -3*l = 5*a - 141. What is the tens digit of a?
2
Suppose -l + 2469 - 964 = 5*z, -3*z + 4455 = 3*l. What is the thousands digit of l?
1
Suppose -47*m = -43*m - 2756. What is the hundreds digit of m?
6
Suppose 0 = 60*i - 61*i + 4. Suppose i*m = -m + 620. What is the units digit of m?
4
Let p = -46 + 28. Let w be (-205)/7 + (-4)/(-14). Let a = p - w. What is the tens digit of a?
1
Suppose -9*m + 2079 + 3591 = 0. Suppose -7*l = -l - m. What is the tens digit of l?
0
Let n = -21 + 23. Suppose -n = -2*l + 4, 3*l = -5*q - 51. What is the units digit of (q/8)/(6/(-4))?
1
Let k(v) be the third derivative of v**5/30 - 43*v**4/24 + 4*v**3/3 - 22*v**2. What is the tens digit of k(24)?
2
Suppose 16 + 2 = 3*d. Suppose -2 - 52 = -d*s. What is the units digit of s?
9
Let z be -4 - (-5)/(15/18). Suppose -2*u - 3*u = -2*s - 432, -4*u = z*s - 342. Let o = -48 + u. What is the units digit of o?
8
What is the tens digit of (-258*3/4)/(6/(-8))?
5
Suppose -7*r + 4*r = 5*p - 98, 5*p - 160 = -5*r. Suppose -4*a + r = -25. What is the units digit of a?
4
Let w(y) = 2*y**2 - 8*y + 13. Let g(b) = 2*b - 34. Let s be g(21). What is the tens digit of w(s)?
7
Let x be (-2 + 1)/((-2)/8). Suppose x*p + p = 170. What is the tens digit of p?
3
Suppose 337 + 8 = o. What i